CRAN Package Check Results for Package tiler

Last updated on 2018-10-19 01:46:54 CEST.

Flavor Version Tinstall Tcheck Ttotal Status Flags
r-devel-linux-x86_64-debian-clang 0.2.0 1.01 45.87 46.88 OK
r-devel-linux-x86_64-debian-gcc 0.2.0 1.07 38.46 39.53 OK
r-devel-linux-x86_64-fedora-clang 0.2.0 70.60 NOTE
r-devel-linux-x86_64-fedora-gcc 0.2.0 67.65 NOTE
r-devel-windows-ix86+x86_64 0.2.0 4.00 80.00 84.00 OK
r-patched-linux-x86_64 0.2.0 1.23 41.44 42.67 OK
r-patched-solaris-x86 0.2.0 77.10 NOTE
r-release-linux-x86_64 0.2.0 1.05 42.19 43.24 OK
r-release-windows-ix86+x86_64 0.2.0 4.00 77.00 81.00 OK
r-release-osx-x86_64 0.2.0 NOTE
r-oldrel-windows-ix86+x86_64 0.2.0 3.00 71.00 74.00 OK
r-oldrel-osx-x86_64 0.2.0 NOTE

Check Details

Version: 0.2.0
Check: dependencies in R code
Result: NOTE
    Namespace in Imports field not imported from: ‘rgdal’
     All declared Imports should be used.
Flavors: r-devel-linux-x86_64-fedora-clang, r-devel-linux-x86_64-fedora-gcc, r-patched-solaris-x86, r-release-osx-x86_64, r-oldrel-osx-x86_64