Last updated on 2018-10-19 01:46:55 CEST.
Flavor | Version | Tinstall | Tcheck | Ttotal | Status | Flags |
---|---|---|---|---|---|---|
r-devel-linux-x86_64-debian-clang | 2.0.0 | 92.98 | 147.64 | 240.62 | OK | |
r-devel-linux-x86_64-debian-gcc | 2.0.0 | 84.24 | 111.12 | 195.36 | OK | |
r-devel-linux-x86_64-fedora-clang | 2.0.0 | 325.17 | NOTE | |||
r-devel-linux-x86_64-fedora-gcc | 2.0.0 | 304.52 | NOTE | |||
r-devel-windows-ix86+x86_64 | 2.0.0 | 231.00 | 209.00 | 440.00 | OK | |
r-patched-linux-x86_64 | 2.0.0 | 107.39 | 129.78 | 237.17 | OK | |
r-patched-solaris-x86 | 2.0.0 | 332.20 | OK | |||
r-release-linux-x86_64 | 2.0.0 | 109.30 | 127.85 | 237.15 | OK | |
r-release-windows-ix86+x86_64 | 2.0.0 | 264.00 | 282.00 | 546.00 | OK | |
r-release-osx-x86_64 | 2.0.0 | OK | ||||
r-oldrel-windows-ix86+x86_64 | 2.0.0 | 177.00 | 288.00 | 465.00 | OK | |
r-oldrel-osx-x86_64 | 2.0.0 | NOTE |
Version: 2.0.0
Check: compiled code
Result: NOTE
File ‘treeclim/libs/treeclim.so’:
Found no calls to: ‘R_registerRoutines’, ‘R_useDynamicSymbols’
It is good practice to register native routines and to disable symbol
search.
See ‘Writing portable packages’ in the ‘Writing R Extensions’ manual.
Flavors: r-devel-linux-x86_64-fedora-clang, r-devel-linux-x86_64-fedora-gcc
Version: 2.0.0
Check: Rd cross-references
Result: NOTE
Package unavailable to check Rd xrefs: ‘dplR’
Flavor: r-oldrel-osx-x86_64