CRAN Package Check Results for Package truncSP

Last updated on 2018-10-19 01:46:55 CEST.

Flavor Version Tinstall Tcheck Ttotal Status Flags
r-devel-linux-x86_64-debian-clang 1.2.2 3.25 40.83 44.08 NOTE
r-devel-linux-x86_64-debian-gcc 1.2.2 2.52 32.08 34.60 NOTE
r-devel-linux-x86_64-fedora-clang 1.2.2 50.61 NOTE
r-devel-linux-x86_64-fedora-gcc 1.2.2 48.87 NOTE
r-devel-windows-ix86+x86_64 1.2.2 8.00 47.00 55.00 NOTE
r-patched-linux-x86_64 1.2.2 3.34 36.80 40.14 NOTE
r-patched-solaris-x86 1.2.2 77.40 NOTE
r-release-linux-x86_64 1.2.2 2.94 37.23 40.17 NOTE
r-release-windows-ix86+x86_64 1.2.2 8.00 71.00 79.00 NOTE
r-release-osx-x86_64 1.2.2 NOTE
r-oldrel-windows-ix86+x86_64 1.2.2 5.00 79.00 84.00 NOTE
r-oldrel-osx-x86_64 1.2.2 NOTE

Check Details

Version: 1.2.2
Check: DESCRIPTION meta-information
Result: NOTE
    Malformed Description field: should contain one or more complete sentences.
Flavors: r-devel-linux-x86_64-debian-clang, r-devel-linux-x86_64-debian-gcc, r-devel-linux-x86_64-fedora-clang, r-devel-linux-x86_64-fedora-gcc, r-devel-windows-ix86+x86_64, r-patched-linux-x86_64, r-patched-solaris-x86, r-release-linux-x86_64, r-release-windows-ix86+x86_64, r-release-osx-x86_64, r-oldrel-windows-ix86+x86_64, r-oldrel-osx-x86_64