CRAN Package Check Results for Package uaparserjs

Last updated on 2018-10-19 01:46:55 CEST.

Flavor Version Tinstall Tcheck Ttotal Status Flags
r-devel-linux-x86_64-debian-clang 0.1.0 2.38 35.20 37.58 OK
r-devel-linux-x86_64-debian-gcc 0.1.0 2.25 27.55 29.80 OK
r-devel-linux-x86_64-fedora-clang 0.1.0 43.54 OK
r-devel-linux-x86_64-fedora-gcc 0.1.0 41.53 OK
r-patched-linux-x86_64 0.1.0 2.24 29.33 31.57 OK
r-patched-solaris-x86 0.1.0 63.50 OK
r-release-linux-x86_64 0.1.0 2.14 29.42 31.56 OK
r-release-osx-x86_64 0.1.0 OK
r-oldrel-windows-ix86+x86_64 0.1.0 6.00 5.00 11.00 ERROR
r-oldrel-osx-x86_64 0.1.0 OK

Check Details

Version: 0.1.0
Check: whether package can be installed
Result: ERROR
    Installation failed.
Flavor: r-oldrel-windows-ix86+x86_64