CRAN Package Check Results for Package vdmR

Last updated on 2018-10-19 01:46:56 CEST.

Flavor Version Tinstall Tcheck Ttotal Status Flags
r-devel-linux-x86_64-debian-clang 0.2.6 1.35 59.07 60.42 OK
r-devel-linux-x86_64-debian-gcc 0.2.6 1.52 46.37 47.89 OK
r-devel-linux-x86_64-fedora-clang 0.2.6 71.78 NOTE
r-devel-linux-x86_64-fedora-gcc 0.2.6 69.55 NOTE
r-devel-windows-ix86+x86_64 0.2.6 7.00 109.00 116.00 OK
r-patched-linux-x86_64 0.2.6 1.72 54.25 55.97 OK
r-patched-solaris-x86 0.2.6 108.20 NOTE
r-release-linux-x86_64 0.2.6 1.83 55.27 57.10 OK
r-release-windows-ix86+x86_64 0.2.6 5.00 98.00 103.00 OK
r-release-osx-x86_64 0.2.6 NOTE
r-oldrel-windows-ix86+x86_64 0.2.6 3.00 112.00 115.00 OK
r-oldrel-osx-x86_64 0.2.6 NOTE

Check Details

Version: 0.2.6
Check: dependencies in R code
Result: NOTE
    Namespaces in Imports field not imported from:
     ‘Rdpack’ ‘maptools’ ‘rgeos’
     All declared Imports should be used.
Flavors: r-devel-linux-x86_64-fedora-clang, r-devel-linux-x86_64-fedora-gcc, r-patched-solaris-x86, r-release-osx-x86_64, r-oldrel-osx-x86_64