CRAN Package Check Results for Package weightr

Last updated on 2018-10-19 01:46:56 CEST.

Flavor Version Tinstall Tcheck Ttotal Status Flags
r-devel-linux-x86_64-debian-clang 1.1.2 1.69 20.52 22.21 OK
r-devel-linux-x86_64-debian-gcc 1.1.2 1.24 17.02 18.26 OK
r-devel-linux-x86_64-fedora-clang 1.1.2 26.38 OK
r-devel-linux-x86_64-fedora-gcc 1.1.2 25.55 OK
r-devel-windows-ix86+x86_64 1.1.2 5.00 35.00 40.00 OK
r-patched-linux-x86_64 1.1.2 1.51 18.60 20.11 NOTE
r-patched-solaris-x86 1.1.2 37.80 OK
r-release-linux-x86_64 1.1.2 1.40 19.14 20.54 NOTE
r-release-windows-ix86+x86_64 1.1.2 4.00 45.00 49.00 OK
r-release-osx-x86_64 1.1.2 OK
r-oldrel-windows-ix86+x86_64 1.1.2 3.00 40.00 43.00 OK
r-oldrel-osx-x86_64 1.1.2 OK

Check Details

Version: 1.1.2
Check: DESCRIPTION meta-information
Result: NOTE
    Dependence on R version ‘3.3.3’ not with patchlevel 0
Flavors: r-patched-linux-x86_64, r-release-linux-x86_64