CRAN Package Check Results for Package wooldridge

Last updated on 2018-10-19 01:46:56 CEST.

Flavor Version Tinstall Tcheck Ttotal Status Flags
r-devel-linux-x86_64-debian-clang 1.3.1 4.84 52.68 57.52 OK
r-devel-linux-x86_64-debian-gcc 1.3.1 4.66 41.98 46.64 OK
r-devel-linux-x86_64-fedora-clang 1.3.1 68.34 NOTE
r-devel-linux-x86_64-fedora-gcc 1.3.1 66.51 OK
r-devel-windows-ix86+x86_64 1.3.1 15.00 67.00 82.00 NOTE
r-patched-linux-x86_64 1.3.1 5.35 48.95 54.30 OK
r-patched-solaris-x86 1.3.1 78.70 OK
r-release-linux-x86_64 1.3.1 4.60 49.57 54.17 OK
r-release-windows-ix86+x86_64 1.3.1 10.00 88.00 98.00 NOTE
r-release-osx-x86_64 1.3.1 NOTE
r-oldrel-windows-ix86+x86_64 1.3.1 11.00 113.00 124.00 NOTE
r-oldrel-osx-x86_64 1.3.1 NOTE

Check Details

Version: 1.3.1
Check: installed package size
Result: NOTE
     installed size is 5.5Mb
     sub-directories of 1Mb or more:
     data 4.6Mb
Flavors: r-devel-linux-x86_64-fedora-clang, r-devel-windows-ix86+x86_64, r-release-windows-ix86+x86_64, r-release-osx-x86_64, r-oldrel-windows-ix86+x86_64, r-oldrel-osx-x86_64