Last updated on 2018-10-19 01:46:57 CEST.
Flavor | Version | Tinstall | Tcheck | Ttotal | Status | Flags |
---|---|---|---|---|---|---|
r-devel-linux-x86_64-debian-clang | 0.2.1 | 5.11 | 152.38 | 157.49 | OK | |
r-devel-linux-x86_64-debian-gcc | 0.2.1 | 3.43 | 113.34 | 116.77 | OK | |
r-devel-linux-x86_64-fedora-clang | 0.2.1 | 202.49 | NOTE | |||
r-devel-linux-x86_64-fedora-gcc | 0.2.1 | 199.44 | NOTE | |||
r-devel-windows-ix86+x86_64 | 0.2.1 | 14.00 | 177.00 | 191.00 | OK | |
r-patched-linux-x86_64 | 0.2.1 | 4.25 | 143.00 | 147.25 | OK | |
r-patched-solaris-x86 | 0.2.1 | 263.70 | OK | |||
r-release-linux-x86_64 | 0.2.1 | 4.20 | 144.41 | 148.61 | OK | |
r-release-windows-ix86+x86_64 | 0.2.1 | 16.00 | 222.00 | 238.00 | OK | |
r-release-osx-x86_64 | 0.2.1 | OK | ||||
r-oldrel-windows-ix86+x86_64 | 0.2.1 | 8.00 | 262.00 | 270.00 | OK | |
r-oldrel-osx-x86_64 | 0.2.1 | OK |
Version: 0.2.1
Check: compiled code
Result: NOTE
File ‘xseq/libs/xseq.so’:
Found no call to: ‘R_useDynamicSymbols’
It is good practice to register native routines and to disable symbol
search.
See ‘Writing portable packages’ in the ‘Writing R Extensions’ manual.
Flavors: r-devel-linux-x86_64-fedora-clang, r-devel-linux-x86_64-fedora-gcc