Last updated on 2018-10-19 01:46:57 CEST.
Flavor | Version | Tinstall | Tcheck | Ttotal | Status | Flags |
---|---|---|---|---|---|---|
r-devel-linux-x86_64-debian-clang | 0.1.1 | 16.95 | 27.19 | 44.14 | OK | |
r-devel-linux-x86_64-debian-gcc | 0.1.1 | 16.14 | 21.81 | 37.95 | OK | |
r-devel-linux-x86_64-fedora-clang | 0.1.1 | 59.81 | NOTE | |||
r-devel-linux-x86_64-fedora-gcc | 0.1.1 | 56.34 | NOTE | |||
r-devel-windows-ix86+x86_64 | 0.1.1 | 45.00 | 65.00 | 110.00 | OK | |
r-patched-linux-x86_64 | 0.1.1 | 21.47 | 23.77 | 45.24 | OK | |
r-patched-solaris-x86 | 0.1.1 | 65.00 | OK | |||
r-release-linux-x86_64 | 0.1.1 | 17.83 | 23.73 | 41.56 | OK | |
r-release-windows-ix86+x86_64 | 0.1.1 | 37.00 | 77.00 | 114.00 | OK | |
r-release-osx-x86_64 | 0.1.1 | OK | ||||
r-oldrel-windows-ix86+x86_64 | 0.1.1 | 37.00 | 75.00 | 112.00 | OK | |
r-oldrel-osx-x86_64 | 0.1.1 | OK |
Version: 0.1.1
Check: compiled code
Result: NOTE
File ‘yakmoR/libs/yakmoR.so’:
Found no calls to: ‘R_registerRoutines’, ‘R_useDynamicSymbols’
It is good practice to register native routines and to disable symbol
search.
See ‘Writing portable packages’ in the ‘Writing R Extensions’ manual.
Flavors: r-devel-linux-x86_64-fedora-clang, r-devel-linux-x86_64-fedora-gcc