CRAN Package Check Results for Package zeligverse

Last updated on 2018-10-19 01:46:57 CEST.

Flavor Version Tinstall Tcheck Ttotal Status Flags
r-devel-linux-x86_64-debian-clang 0.1.1 11.29 110.28 121.57 OK
r-devel-linux-x86_64-debian-gcc 0.1.1 8.80 89.92 98.72 OK
r-devel-linux-x86_64-fedora-clang 0.1.1 149.53 NOTE
r-devel-linux-x86_64-fedora-gcc 0.1.1 149.70 NOTE
r-devel-windows-ix86+x86_64 0.1.1 33.00 184.00 217.00 OK
r-patched-linux-x86_64 0.1.1 9.79 100.22 110.01 OK
r-patched-solaris-x86 0.1.1 244.40 NOTE
r-release-linux-x86_64 0.1.1 9.78 97.49 107.27 OK
r-release-windows-ix86+x86_64 0.1.1 28.00 184.00 212.00 OK
r-release-osx-x86_64 0.1.1 NOTE
r-oldrel-windows-ix86+x86_64 0.1.1 23.00 181.00 204.00 OK
r-oldrel-osx-x86_64 0.1.1 NOTE

Check Details

Version: 0.1.1
Check: dependencies in R code
Result: NOTE
    Namespaces in Imports field not imported from:
     ‘Amelia’ ‘MatchIt’ ‘WhatIf’
     All declared Imports should be used.
Flavors: r-devel-linux-x86_64-fedora-clang, r-devel-linux-x86_64-fedora-gcc, r-patched-solaris-x86, r-release-osx-x86_64, r-oldrel-osx-x86_64