CRAN Package Check Results for Package Arothron

Last updated on 2018-11-24 00:50:58 CET.

Flavor Version Tinstall Tcheck Ttotal Status Flags
r-devel-linux-x86_64-debian-clang 1.0.2 6.72 80.34 87.06 OK
r-devel-linux-x86_64-debian-gcc 1.0.2 6.22 65.11 71.33 OK
r-devel-linux-x86_64-fedora-clang 1.0.2 105.78 OK
r-devel-linux-x86_64-fedora-gcc 1.0.2 102.24 OK
r-devel-windows-ix86+x86_64 1.0.2 21.00 130.00 151.00 OK
r-patched-linux-x86_64 1.0.2 6.81 78.16 84.97 OK
r-patched-solaris-x86 1.0.2 165.60 OK
r-release-linux-x86_64 1.0.2 5.71 77.33 83.04 OK
r-release-windows-ix86+x86_64 1.0.2 20.00 125.00 145.00 OK
r-release-osx-x86_64 1.0.2 WARN
r-oldrel-windows-ix86+x86_64 1.0.2 21.00 120.00 141.00 OK
r-oldrel-osx-x86_64 1.0.2 WARN

Check Details

Version: 1.0.2
Check: whether package can be installed
Result: WARN
    Found the following significant warnings:
     Warning: 'rgl_init' failed, running with rgl.useNULL = TRUE
Flavors: r-release-osx-x86_64, r-oldrel-osx-x86_64