Last updated on 2018-11-24 00:50:58 CET.
Flavor | Version | Tinstall | Tcheck | Ttotal | Status | Flags |
---|---|---|---|---|---|---|
r-devel-linux-x86_64-debian-clang | 2.0 | 120.67 | 284.43 | 405.10 | OK | |
r-devel-linux-x86_64-debian-gcc | 2.0 | 105.73 | 230.56 | 336.29 | OK | |
r-devel-linux-x86_64-fedora-clang | 2.0 | 555.68 | NOTE | |||
r-devel-linux-x86_64-fedora-gcc | 2.0 | 524.52 | OK | |||
r-devel-windows-ix86+x86_64 | 2.0 | 331.00 | 529.00 | 860.00 | NOTE | |
r-patched-linux-x86_64 | 2.0 | 129.51 | 291.19 | 420.70 | OK | |
r-patched-solaris-x86 | 2.0 | 343.40 | WARN | |||
r-release-linux-x86_64 | 2.0 | 130.90 | 290.63 | 421.53 | OK | |
r-release-windows-ix86+x86_64 | 2.0 | 328.00 | 513.00 | 841.00 | NOTE | |
r-release-osx-x86_64 | 2.0 | WARN | ||||
r-oldrel-windows-ix86+x86_64 | 2.0 | 325.00 | 528.00 | 853.00 | NOTE | |
r-oldrel-osx-x86_64 | 2.0 | WARN |
Version: 2.0
Check: installed package size
Result: NOTE
installed size is 6.1Mb
sub-directories of 1Mb or more:
data 3.1Mb
doc 1.6Mb
Flavors: r-devel-linux-x86_64-fedora-clang, r-devel-windows-ix86+x86_64, r-patched-solaris-x86, r-release-windows-ix86+x86_64, r-release-osx-x86_64, r-oldrel-windows-ix86+x86_64, r-oldrel-osx-x86_64
Version: 2.0
Check: re-building of vignette outputs
Result: WARN
Error in re-building vignettes:
...
Warning in engine$weave(file, quiet = quiet, encoding = enc) :
Pandoc (>= 1.12.3) and/or pandoc-citeproc not available. Falling back to R Markdown v1.
Loading required package: survival
Loading required package: nnet
Quitting from lines 127-155 (hwbart.Rmd)
Error: processing vignette 'hwbart.Rmd' failed with diagnostics:
argument is of length zero
Execution halted
Flavors: r-patched-solaris-x86, r-release-osx-x86_64, r-oldrel-osx-x86_64