CRAN Package Check Results for Package BIOM.utils

Last updated on 2018-11-24 00:50:59 CET.

Flavor Version Tinstall Tcheck Ttotal Status Flags
r-devel-linux-x86_64-debian-clang 0.9 1.08 31.06 32.14 NOTE
r-devel-linux-x86_64-debian-gcc 0.9 1.10 24.39 25.49 NOTE
r-devel-linux-x86_64-fedora-clang 0.9 38.30 NOTE
r-devel-linux-x86_64-fedora-gcc 0.9 37.19 NOTE
r-devel-windows-ix86+x86_64 0.9 4.00 58.00 62.00 NOTE
r-patched-linux-x86_64 0.9 0.97 29.64 30.61 NOTE
r-patched-solaris-x86 0.9 56.30 NOTE
r-release-linux-x86_64 0.9 0.99 29.83 30.82 NOTE
r-release-windows-ix86+x86_64 0.9 5.00 76.00 81.00 NOTE
r-release-osx-x86_64 0.9 NOTE
r-oldrel-windows-ix86+x86_64 0.9 5.00 55.00 60.00 NOTE
r-oldrel-osx-x86_64 0.9 NOTE

Check Details

Version: 0.9
Check: dependencies in R code
Result: NOTE
    'library' or 'require' call to ‘MGRASTer’ in package code.
     Please use :: or requireNamespace() instead.
     See section 'Suggested packages' in the 'Writing R Extensions' manual.
Flavors: r-devel-linux-x86_64-debian-clang, r-devel-linux-x86_64-debian-gcc, r-devel-linux-x86_64-fedora-clang, r-devel-linux-x86_64-fedora-gcc, r-devel-windows-ix86+x86_64, r-patched-linux-x86_64, r-patched-solaris-x86, r-release-linux-x86_64, r-release-windows-ix86+x86_64, r-release-osx-x86_64, r-oldrel-windows-ix86+x86_64, r-oldrel-osx-x86_64

Version: 0.9
Check: R code for possible problems
Result: NOTE
    .onAttach: no visible global function definition for ‘packageVersion’
    biom.matrix: no visible global function definition for ‘packageVersion’
    Undefined global functions or variables:
     packageVersion
    Consider adding
     importFrom("utils", "packageVersion")
    to your NAMESPACE file.
Flavors: r-devel-linux-x86_64-debian-clang, r-devel-linux-x86_64-debian-gcc, r-devel-linux-x86_64-fedora-clang, r-devel-linux-x86_64-fedora-gcc, r-devel-windows-ix86+x86_64, r-patched-linux-x86_64, r-patched-solaris-x86, r-release-linux-x86_64, r-release-windows-ix86+x86_64, r-release-osx-x86_64, r-oldrel-windows-ix86+x86_64, r-oldrel-osx-x86_64