Last updated on 2018-11-24 00:51:00 CET.
Flavor | Version | Tinstall | Tcheck | Ttotal | Status | Flags |
---|---|---|---|---|---|---|
r-devel-linux-x86_64-debian-clang | 0.3.1 | 8.39 | 87.12 | 95.51 | NOTE | |
r-devel-linux-x86_64-debian-gcc | 0.3.1 | 5.45 | 69.99 | 75.44 | NOTE | |
r-devel-linux-x86_64-fedora-clang | 0.3.1 | 113.48 | NOTE | |||
r-devel-linux-x86_64-fedora-gcc | 0.3.1 | 111.45 | NOTE | |||
r-devel-windows-ix86+x86_64 | 0.3.1 | 19.00 | 127.00 | 146.00 | NOTE | |
r-patched-linux-x86_64 | 0.3.1 | 6.85 | 84.45 | 91.30 | NOTE | |
r-release-linux-x86_64 | 0.3.1 | 6.53 | 85.03 | 91.56 | NOTE | |
r-release-windows-ix86+x86_64 | 0.3.1 | 18.00 | 145.00 | 163.00 | NOTE | |
r-release-osx-x86_64 | 0.3.1 | NOTE | ||||
r-oldrel-windows-ix86+x86_64 | 0.3.1 | 16.00 | 142.00 | 158.00 | NOTE | |
r-oldrel-osx-x86_64 | 0.3.1 | NOTE |
Version: 0.3.1
Check: R code for possible problems
Result: NOTE
.createBLViews.Editor: no visible global function definition for ‘edit’
.createCOPViews.Editor: no visible global function definition for
‘edit’
.empCDF: no visible global function definition for ‘approxfun’
.empQuantile: no visible global function definition for ‘approxfun’
CAPMList: no visible binding for global variable ‘coef’
biDensityPlots: no visible global function definition for ‘tail’
biDensityPlots: no visible global function definition for ‘par’
biDensityPlots: no visible global function definition for ‘plot’
densityPlots.BLResult: no visible global function definition for
‘dnorm’
densityPlots.BLResult: no visible global function definition for ‘plot’
densityPlots.BLResult: no visible global function definition for
‘abline’
densityPlots.BLResult: no visible global function definition for
‘lines’
densityPlots.BLResult: no visible global function definition for
‘legend’
densityPlots.COPViews: no visible global function definition for ‘tail’
densityPlots.COPViews: no visible global function definition for ‘plot’
densityPlots.COPViews: no visible global function definition for
‘density’
densityPlots.COPViews: no visible global function definition for
‘lines’
densityPlots.COPViews: no visible global function definition for
‘abline’
densityPlots.COPViews: no visible global function definition for
‘legend’
optimalPortfolios: no visible global function definition for ‘barplot’
optimalPortfolios.fPort.COP: no visible global function definition for
‘tail’
plot.BLOptimPortfolios: no visible global function definition for
‘barplot’
plot.COPOptimPortfolios: no visible global function definition for
‘barplot’
posteriorFeasibility: no visible global function definition for
‘mahalanobis’
posteriorFeasibility: no visible global function definition for
‘pchisq’
show.BLViews : .innerViewString: no visible global function definition
for ‘tail’
show.BLViews : .innerViewString: no visible global function definition
for ‘head’
updateBLViews: no visible global function definition for ‘edit’
densityPlots,BLResult: no visible global function definition for
‘dnorm’
densityPlots,BLResult: no visible global function definition for ‘plot’
densityPlots,BLResult: no visible global function definition for
‘abline’
densityPlots,BLResult: no visible global function definition for
‘lines’
densityPlots,BLResult: no visible global function definition for
‘legend’
densityPlots,COPResult: no visible global function definition for
‘tail’
densityPlots,COPResult: no visible global function definition for
‘plot’
densityPlots,COPResult: no visible global function definition for
‘density’
densityPlots,COPResult: no visible global function definition for
‘lines’
densityPlots,COPResult: no visible global function definition for
‘abline’
densityPlots,COPResult: no visible global function definition for
‘legend’
optimalPortfolios.fPort,COPResult: no visible global function
definition for ‘tail’
show,BLViews : .innerViewString: no visible global function definition
for ‘tail’
show,BLViews : .innerViewString: no visible global function definition
for ‘head’
Undefined global functions or variables:
abline approxfun barplot coef density dnorm edit head legend lines
mahalanobis par pchisq plot tail
Consider adding
importFrom("graphics", "abline", "barplot", "legend", "lines", "par",
"plot")
importFrom("stats", "approxfun", "coef", "density", "dnorm",
"mahalanobis", "pchisq")
importFrom("utils", "edit", "head", "tail")
to your NAMESPACE file.
Flavors: r-devel-linux-x86_64-debian-clang, r-devel-linux-x86_64-debian-gcc, r-devel-linux-x86_64-fedora-clang, r-devel-linux-x86_64-fedora-gcc, r-devel-windows-ix86+x86_64, r-patched-linux-x86_64, r-release-linux-x86_64, r-release-windows-ix86+x86_64, r-release-osx-x86_64, r-oldrel-windows-ix86+x86_64, r-oldrel-osx-x86_64