Last updated on 2018-11-24 00:50:59 CET.
Flavor | Version | Tinstall | Tcheck | Ttotal | Status | Flags |
---|---|---|---|---|---|---|
r-devel-linux-x86_64-debian-clang | 0.1 | 1.23 | 18.34 | 19.57 | NOTE | |
r-devel-linux-x86_64-debian-gcc | 0.1 | 0.97 | 14.51 | 15.48 | NOTE | |
r-devel-linux-x86_64-fedora-clang | 0.1 | 23.42 | NOTE | |||
r-devel-linux-x86_64-fedora-gcc | 0.1 | 21.98 | NOTE | |||
r-devel-windows-ix86+x86_64 | 0.1 | 4.00 | 33.00 | 37.00 | NOTE | |
r-patched-linux-x86_64 | 0.1 | 1.19 | 16.93 | 18.12 | NOTE | |
r-patched-solaris-x86 | 0.1 | 36.30 | NOTE | |||
r-release-linux-x86_64 | 0.1 | 0.86 | 17.26 | 18.12 | NOTE | |
r-release-windows-ix86+x86_64 | 0.1 | 4.00 | 35.00 | 39.00 | NOTE | |
r-release-osx-x86_64 | 0.1 | NOTE | ||||
r-oldrel-windows-ix86+x86_64 | 0.1 | 2.00 | 28.00 | 30.00 | NOTE | |
r-oldrel-osx-x86_64 | 0.1 | NOTE |
Version: 0.1
Check: DESCRIPTION meta-information
Result: NOTE
Malformed Description field: should contain one or more complete sentences.
Flavors: r-devel-linux-x86_64-debian-clang, r-devel-linux-x86_64-debian-gcc, r-devel-linux-x86_64-fedora-clang, r-devel-linux-x86_64-fedora-gcc, r-devel-windows-ix86+x86_64, r-patched-linux-x86_64, r-patched-solaris-x86, r-release-linux-x86_64, r-release-windows-ix86+x86_64, r-release-osx-x86_64, r-oldrel-windows-ix86+x86_64, r-oldrel-osx-x86_64
Version: 0.1
Check: R code for possible problems
Result: NOTE
noninform_prior : a : f1: no visible global function definition for
‘pbeta’
noninform_prior : a : f1: no visible global function definition for
‘dbeta’
noninform_prior : a: no visible global function definition for
‘integrate’
noninform_prior: no visible global function definition for ‘rbeta’
noninform_prior: no visible global function definition for ‘optim’
postNullFun : b : f1: no visible global function definition for ‘pbeta’
postNullFun : b : f1: no visible global function definition for ‘dbeta’
postNullFun : b: no visible global function definition for ‘integrate’
prior_prob : a : f1: no visible global function definition for ‘pbeta’
prior_prob : a : f1: no visible global function definition for ‘dbeta’
prior_prob : a: no visible global function definition for ‘integrate’
Undefined global functions or variables:
dbeta integrate optim pbeta rbeta
Consider adding
importFrom("stats", "dbeta", "integrate", "optim", "pbeta", "rbeta")
to your NAMESPACE file.
Flavors: r-devel-linux-x86_64-debian-clang, r-devel-linux-x86_64-debian-gcc, r-devel-linux-x86_64-fedora-clang, r-devel-linux-x86_64-fedora-gcc, r-devel-windows-ix86+x86_64, r-patched-linux-x86_64, r-patched-solaris-x86, r-release-linux-x86_64, r-release-windows-ix86+x86_64, r-release-osx-x86_64, r-oldrel-windows-ix86+x86_64, r-oldrel-osx-x86_64