Last updated on 2018-11-24 00:51:00 CET.
Flavor | Version | Tinstall | Tcheck | Ttotal | Status | Flags |
---|---|---|---|---|---|---|
r-devel-linux-x86_64-debian-clang | 0.74 | 20.44 | 45.55 | 65.99 | OK | |
r-devel-linux-x86_64-debian-gcc | 0.74 | 16.64 | 35.66 | 52.30 | OK | |
r-devel-linux-x86_64-fedora-clang | 0.74 | 82.24 | NOTE | |||
r-devel-linux-x86_64-fedora-gcc | 0.74 | 75.94 | NOTE | |||
r-devel-windows-ix86+x86_64 | 0.74 | 34.00 | 109.00 | 143.00 | OK | |
r-patched-linux-x86_64 | 0.74 | 17.60 | 43.72 | 61.32 | OK | |
r-patched-solaris-x86 | 0.74 | 97.80 | OK | |||
r-release-linux-x86_64 | 0.74 | 17.44 | 44.06 | 61.50 | OK | |
r-release-windows-ix86+x86_64 | 0.74 | 37.00 | 101.00 | 138.00 | OK | |
r-release-osx-x86_64 | 0.74 | OK | ||||
r-oldrel-windows-ix86+x86_64 | 0.74 | 32.00 | 110.00 | 142.00 | OK | |
r-oldrel-osx-x86_64 | 0.74 | OK |
Version: 0.74
Check: compiled code
Result: NOTE
File ‘CAMAN/libs/CAMAN.so’:
Found no calls to: ‘R_registerRoutines’, ‘R_useDynamicSymbols’
It is good practice to register native routines and to disable symbol
search.
See ‘Writing portable packages’ in the ‘Writing R Extensions’ manual.
Flavors: r-devel-linux-x86_64-fedora-clang, r-devel-linux-x86_64-fedora-gcc