Last updated on 2018-11-24 00:51:01 CET.
Flavor | Version | Tinstall | Tcheck | Ttotal | Status | Flags |
---|---|---|---|---|---|---|
r-devel-linux-x86_64-debian-clang | 0.4 | 4.01 | 91.75 | 95.76 | OK | |
r-devel-linux-x86_64-debian-gcc | 0.4 | 3.60 | 68.71 | 72.31 | OK | |
r-devel-linux-x86_64-fedora-clang | 0.4 | 108.07 | NOTE | |||
r-devel-linux-x86_64-fedora-gcc | 0.4 | 104.98 | NOTE | |||
r-devel-windows-ix86+x86_64 | 0.4 | 11.00 | 139.00 | 150.00 | OK | |
r-patched-linux-x86_64 | 0.4 | 4.06 | 86.90 | 90.96 | OK | |
r-patched-solaris-x86 | 0.4 | 150.40 | NOTE | |||
r-release-linux-x86_64 | 0.4 | 3.06 | 87.19 | 90.25 | OK | |
r-release-windows-ix86+x86_64 | 0.4 | 14.00 | 136.00 | 150.00 | OK | |
r-release-osx-x86_64 | 0.4 | NOTE | ||||
r-oldrel-windows-ix86+x86_64 | 0.4 | 13.00 | 168.00 | 181.00 | OK | |
r-oldrel-osx-x86_64 | 0.4 | NOTE |
Version: 0.4
Check: dependencies in R code
Result: NOTE
Namespace in Imports field not imported from: ‘devtools’
All declared Imports should be used.
Flavors: r-devel-linux-x86_64-fedora-clang, r-devel-linux-x86_64-fedora-gcc, r-patched-solaris-x86, r-release-osx-x86_64, r-oldrel-osx-x86_64