CRAN Package Check Results for Package CoinMinD

Last updated on 2018-11-24 00:51:01 CET.

Flavor Version Tinstall Tcheck Ttotal Status Flags
r-devel-linux-x86_64-debian-clang 1.1 4.78 56.23 61.01 NOTE
r-devel-linux-x86_64-debian-gcc 1.1 4.35 45.45 49.80 NOTE
r-devel-linux-x86_64-fedora-clang 1.1 71.54 NOTE
r-devel-linux-x86_64-fedora-gcc 1.1 69.63 NOTE
r-devel-windows-ix86+x86_64 1.1 10.00 90.00 100.00 NOTE
r-patched-linux-x86_64 1.1 5.19 53.79 58.98 NOTE
r-patched-solaris-x86 1.1 116.50 NOTE
r-release-linux-x86_64 1.1 4.97 53.69 58.66 NOTE
r-release-windows-ix86+x86_64 1.1 10.00 85.00 95.00 NOTE
r-release-osx-x86_64 1.1 NOTE
r-oldrel-windows-ix86+x86_64 1.1 11.00 84.00 95.00 NOTE
r-oldrel-osx-x86_64 1.1 NOTE

Check Details

Version: 1.1
Check: R code for possible problems
Result: NOTE
    BMDE: no visible global function definition for ‘quantile’
    BMDU: no visible global function definition for ‘runif’
    BMDU: no visible global function definition for ‘quantile’
    FS: no visible global function definition for ‘qnorm’
    GM: no visible global function definition for ‘qchisq’
    QH: no visible global function definition for ‘qchisq’
    SG : sgp: no visible global function definition for ‘ppois’
    SG : sgp: no visible global function definition for ‘dpois’
    WALD: no visible global function definition for ‘qchisq’
    WALDCC: no visible global function definition for ‘qchisq’
    WS: no visible global function definition for ‘qchisq’
    Undefined global functions or variables:
     dpois ppois qchisq qnorm quantile runif
    Consider adding
     importFrom("stats", "dpois", "ppois", "qchisq", "qnorm", "quantile",
     "runif")
    to your NAMESPACE file.
Flavors: r-devel-linux-x86_64-debian-clang, r-devel-linux-x86_64-debian-gcc, r-devel-linux-x86_64-fedora-clang, r-devel-linux-x86_64-fedora-gcc, r-devel-windows-ix86+x86_64, r-patched-linux-x86_64, r-patched-solaris-x86, r-release-linux-x86_64, r-release-windows-ix86+x86_64, r-release-osx-x86_64, r-oldrel-windows-ix86+x86_64, r-oldrel-osx-x86_64