CRAN Package Check Results for Package CompRandFld

Last updated on 2018-11-24 00:51:02 CET.

Flavor Version Tinstall Tcheck Ttotal Status Flags
r-devel-linux-x86_64-debian-clang 1.0.3-5 16.00 83.33 99.33 WARN
r-devel-linux-x86_64-debian-gcc 1.0.3-5 12.19 65.60 77.79 OK
r-devel-linux-x86_64-fedora-clang 1.0.3-5 117.47 WARN
r-devel-linux-x86_64-fedora-gcc 1.0.3-5 115.32 OK
r-devel-windows-ix86+x86_64 1.0.3-5 46.00 170.00 216.00 OK
r-patched-linux-x86_64 1.0.3-5 13.52 80.44 93.96 OK
r-patched-solaris-x86 1.0.3-5 175.50 OK
r-release-linux-x86_64 1.0.3-5 16.00 80.77 96.77 OK
r-release-windows-ix86+x86_64 1.0.3-5 44.00 155.00 199.00 OK
r-release-osx-x86_64 1.0.3-5 WARN
r-oldrel-windows-ix86+x86_64 1.0.3-5 43.00 174.00 217.00 OK
r-oldrel-osx-x86_64 1.0.3-5 OK

Check Details

Version: 1.0.3-5
Check: whether package can be installed
Result: WARN
    Found the following significant warnings:
     Utility.c:162:8: warning: explicitly assigning value of variable of type 'int' to itself [-Wself-assign]
     Utility.c:187:8: warning: explicitly assigning value of variable of type 'int' to itself [-Wself-assign]
     Utility.c:211:8: warning: explicitly assigning value of variable of type 'int' to itself [-Wself-assign]
     Utility.c:392:8: warning: explicitly assigning value of variable of type 'int' to itself [-Wself-assign]
     Utility.c:417:8: warning: explicitly assigning value of variable of type 'int' to itself [-Wself-assign]
     Utility.c:442:8: warning: explicitly assigning value of variable of type 'int' to itself [-Wself-assign]
Flavors: r-devel-linux-x86_64-debian-clang, r-devel-linux-x86_64-fedora-clang, r-release-osx-x86_64