Last updated on 2018-11-24 00:51:02 CET.
Flavor | Version | Tinstall | Tcheck | Ttotal | Status | Flags |
---|---|---|---|---|---|---|
r-devel-linux-x86_64-debian-clang | 4.0.3 | 1.83 | 41.28 | 43.11 | OK | |
r-devel-linux-x86_64-debian-gcc | 4.0.3 | 1.44 | 32.69 | 34.13 | OK | |
r-devel-linux-x86_64-fedora-clang | 4.0.3 | 50.19 | NOTE | |||
r-devel-linux-x86_64-fedora-gcc | 4.0.3 | 49.53 | NOTE | |||
r-devel-windows-ix86+x86_64 | 4.0.3 | 6.00 | 75.00 | 81.00 | OK | |
r-patched-linux-x86_64 | 4.0.3 | 1.39 | 39.99 | 41.38 | OK | |
r-patched-solaris-x86 | 4.0.3 | 72.10 | NOTE | |||
r-release-linux-x86_64 | 4.0.3 | 1.77 | 40.12 | 41.89 | OK | |
r-release-windows-ix86+x86_64 | 4.0.3 | 6.00 | 74.00 | 80.00 | OK | |
r-release-osx-x86_64 | 4.0.3 | NOTE | ||||
r-oldrel-windows-ix86+x86_64 | 4.0.3 | 5.00 | 74.00 | 79.00 | OK | |
r-oldrel-osx-x86_64 | 4.0.3 | NOTE |
Version: 4.0.3
Check: dependencies in R code
Result: NOTE
Namespace in Imports field not imported from: ‘glue’
All declared Imports should be used.
Flavors: r-devel-linux-x86_64-fedora-clang, r-devel-linux-x86_64-fedora-gcc, r-patched-solaris-x86, r-release-osx-x86_64, r-oldrel-osx-x86_64