CRAN Package Check Results for Package DEVis

Last updated on 2018-11-24 00:51:03 CET.

Flavor Version Tinstall Tcheck Ttotal Status Flags
r-devel-linux-x86_64-debian-clang 1.0.0 20.19 648.65 668.84 WARN
r-devel-linux-x86_64-debian-gcc 1.0.0 19.32 483.43 502.75 WARN
r-devel-linux-x86_64-fedora-clang 1.0.0 783.44 WARN
r-devel-linux-x86_64-fedora-gcc 1.0.0 750.51 WARN
r-devel-windows-ix86+x86_64 1.0.0 52.00 704.00 756.00 OK
r-patched-linux-x86_64 1.0.0 22.71 512.99 535.70 WARN
r-patched-solaris-x86 1.0.0 1036.50 OK
r-release-linux-x86_64 1.0.0 20.69 495.93 516.62 WARN
r-release-windows-ix86+x86_64 1.0.0 49.00 702.00 751.00 OK
r-release-osx-x86_64 1.0.0 OK
r-oldrel-windows-ix86+x86_64 1.0.0 46.00 726.00 772.00 OK
r-oldrel-osx-x86_64 1.0.0 OK

Check Details

Version: 1.0.0
Check: re-building of vignette outputs
Result: WARN
    Error in re-building vignettes:
     ...
    Loading required package: DESeq2
    Loading required package: S4Vectors
    Loading required package: stats4
    Loading required package: BiocGenerics
    Loading required package: parallel
    
    Attaching package: 'BiocGenerics'
    
    The following objects are masked from 'package:parallel':
    
     clusterApply, clusterApplyLB, clusterCall, clusterEvalQ,
     clusterExport, clusterMap, parApply, parCapply, parLapply,
     parLapplyLB, parRapply, parSapply, parSapplyLB
    
    The following objects are masked from 'package:stats':
    
     IQR, mad, sd, var, xtabs
    
    The following objects are masked from 'package:base':
    
     Filter, Find, Map, Position, Reduce, anyDuplicated, append,
     as.data.frame, basename, cbind, colMeans, colSums, colnames,
     dirname, do.call, duplicated, eval, evalq, get, grep, grepl,
     intersect, is.unsorted, lapply, mapply, match, mget, order,
     paste, pmax, pmax.int, pmin, pmin.int, rank, rbind, rowMeans,
     rowSums, rownames, sapply, setdiff, sort, table, tapply,
     union, unique, unsplit, which, which.max, which.min
    
    
    Attaching package: 'S4Vectors'
    
    The following object is masked from 'package:base':
    
     expand.grid
    
    Loading required package: IRanges
    Loading required package: GenomicRanges
    Loading required package: GenomeInfoDb
    Loading required package: SummarizedExperiment
    Loading required package: Biobase
    Welcome to Bioconductor
    
     Vignettes contain introductory material; view with
     'browseVignettes()'. To cite Bioconductor, see
     'citation("Biobase")', and for packages 'citation("pkgname")'.
    
    Loading required package: DelayedArray
    Loading required package: matrixStats
    
    Attaching package: 'matrixStats'
    
    The following objects are masked from 'package:Biobase':
    
     anyMissing, rowMedians
    
    Loading required package: BiocParallel
    
    Attaching package: 'DelayedArray'
    
    The following objects are masked from 'package:matrixStats':
    
     colMaxs, colMins, colRanges, rowMaxs, rowMins, rowRanges
    
    The following objects are masked from 'package:base':
    
     aperm, apply
    
    factor levels were dropped which had no samples
    factor levels were dropped which had no samples
    using pre-existing size factors
    estimating dispersions
    gene-wise dispersion estimates
    mean-dispersion relationship
    final dispersion estimates
    fitting model and testing
    ! LaTeX Error: Option clash for package xcolor.
    
    Error: processing vignette ‘DEVis_vignette.Rmd’ failed with diagnostics:
    Failed to compile DEVis_vignette.tex. See DEVis_vignette.log for more info.
    Execution halted
Flavors: r-devel-linux-x86_64-debian-clang, r-devel-linux-x86_64-debian-gcc, r-devel-linux-x86_64-fedora-clang, r-devel-linux-x86_64-fedora-gcc

Version: 1.0.0
Check: re-building of vignette outputs
Result: WARN
    Error in re-building vignettes:
     ...
    Loading required package: DESeq2
    Loading required package: S4Vectors
    Loading required package: stats4
    Loading required package: BiocGenerics
    Loading required package: parallel
    
    Attaching package: 'BiocGenerics'
    
    The following objects are masked from 'package:parallel':
    
     clusterApply, clusterApplyLB, clusterCall, clusterEvalQ,
     clusterExport, clusterMap, parApply, parCapply, parLapply,
     parLapplyLB, parRapply, parSapply, parSapplyLB
    
    The following objects are masked from 'package:stats':
    
     IQR, mad, sd, var, xtabs
    
    The following objects are masked from 'package:base':
    
     Filter, Find, Map, Position, Reduce, anyDuplicated, append,
     as.data.frame, basename, cbind, colMeans, colSums, colnames,
     dirname, do.call, duplicated, eval, evalq, get, grep, grepl,
     intersect, is.unsorted, lapply, lengths, mapply, match, mget,
     order, paste, pmax, pmax.int, pmin, pmin.int, rank, rbind,
     rowMeans, rowSums, rownames, sapply, setdiff, sort, table,
     tapply, union, unique, unsplit, which, which.max, which.min
    
    
    Attaching package: 'S4Vectors'
    
    The following object is masked from 'package:base':
    
     expand.grid
    
    Loading required package: IRanges
    Loading required package: GenomicRanges
    Loading required package: GenomeInfoDb
    Loading required package: SummarizedExperiment
    Loading required package: Biobase
    Welcome to Bioconductor
    
     Vignettes contain introductory material; view with
     'browseVignettes()'. To cite Bioconductor, see
     'citation("Biobase")', and for packages 'citation("pkgname")'.
    
    Loading required package: DelayedArray
    Loading required package: matrixStats
    
    Attaching package: 'matrixStats'
    
    The following objects are masked from 'package:Biobase':
    
     anyMissing, rowMedians
    
    Loading required package: BiocParallel
    
    Attaching package: 'DelayedArray'
    
    The following objects are masked from 'package:matrixStats':
    
     colMaxs, colMins, colRanges, rowMaxs, rowMins, rowRanges
    
    The following objects are masked from 'package:base':
    
     aperm, apply
    
    factor levels were dropped which had no samples
    factor levels were dropped which had no samples
    using pre-existing size factors
    estimating dispersions
    gene-wise dispersion estimates
    mean-dispersion relationship
    final dispersion estimates
    fitting model and testing
    ! LaTeX Error: Option clash for package xcolor.
    
    Error: processing vignette ‘DEVis_vignette.Rmd’ failed with diagnostics:
    Failed to compile DEVis_vignette.tex. See DEVis_vignette.log for more info.
    Execution halted
Flavors: r-patched-linux-x86_64, r-release-linux-x86_64