CRAN Package Check Results for Package DGVM3D

Last updated on 2018-11-24 00:51:03 CET.

Flavor Version Tinstall Tcheck Ttotal Status Flags
r-devel-linux-x86_64-debian-clang 1.0.0 11.63 465.70 477.33 OK
r-devel-linux-x86_64-debian-gcc 1.0.0 9.85 345.00 354.85 OK
r-devel-linux-x86_64-fedora-clang 1.0.0 522.97 OK
r-devel-linux-x86_64-fedora-gcc 1.0.0 509.13 OK
r-devel-windows-ix86+x86_64 1.0.0 22.00 442.00 464.00 OK
r-patched-linux-x86_64 1.0.0 11.14 449.94 461.08 OK
r-patched-solaris-x86 1.0.0 142.00 WARN
r-release-linux-x86_64 1.0.0 11.35 430.41 441.76 OK
r-release-windows-ix86+x86_64 1.0.0 23.00 543.00 566.00 OK
r-release-osx-x86_64 1.0.0 WARN
r-oldrel-windows-ix86+x86_64 1.0.0 22.00 582.00 604.00 OK
r-oldrel-osx-x86_64 1.0.0 WARN

Check Details

Version: 1.0.0
Check: installed package size
Result: NOTE
     installed size is 5.0Mb
     sub-directories of 1Mb or more:
     data 3.5Mb
     doc 1.3Mb
Flavor: r-patched-solaris-x86

Version: 1.0.0
Check: re-building of vignette outputs
Result: WARN
    Error in re-building vignettes:
     ...
    Warning in engine$weave(file, quiet = quiet, encoding = enc) :
     Pandoc (>= 1.12.3) and/or pandoc-citeproc not available. Falling back to R Markdown v1.
    Loading required package: rgl
    Loading required namespace: rmarkdown
    PhantomJS not found. You can install it with webshot::install_phantomjs(). If it is installed, please make sure the phantomjs executable can be found via the PATH variable.
    Quitting from lines 230-234 (DGVM3D.Rmd)
    Error: processing vignette 'DGVM3D.Rmd' failed with diagnostics:
    cannot open the connection
    Execution halted
Flavors: r-patched-solaris-x86, r-release-osx-x86_64, r-oldrel-osx-x86_64