CRAN Package Check Results for Package DHARMa

Last updated on 2018-11-24 00:51:03 CET.

Flavor Version Tinstall Tcheck Ttotal Status Flags
r-devel-linux-x86_64-debian-clang 0.2.0 5.91 276.14 282.05 OK
r-devel-linux-x86_64-debian-gcc 0.2.0 5.22 209.85 215.07 OK
r-devel-linux-x86_64-fedora-clang 0.2.0 329.84 NOTE
r-devel-linux-x86_64-fedora-gcc 0.2.0 322.65 NOTE
r-devel-windows-ix86+x86_64 0.2.0 15.00 343.00 358.00 OK
r-patched-linux-x86_64 0.2.0 5.76 265.31 271.07 OK
r-patched-solaris-x86 0.2.0 512.30 NOTE
r-release-linux-x86_64 0.2.0 5.16 266.12 271.28 OK
r-release-windows-ix86+x86_64 0.2.0 14.00 338.00 352.00 OK
r-release-osx-x86_64 0.2.0 NOTE
r-oldrel-windows-ix86+x86_64 0.2.0 13.00 362.00 375.00 OK
r-oldrel-osx-x86_64 0.2.0 NOTE

Check Details

Version: 0.2.0
Check: dependencies in R code
Result: NOTE
    Namespace in Imports field not imported from: ‘mgcv’
     All declared Imports should be used.
Flavors: r-devel-linux-x86_64-fedora-clang, r-devel-linux-x86_64-fedora-gcc, r-patched-solaris-x86, r-release-osx-x86_64, r-oldrel-osx-x86_64