Last updated on 2018-11-24 00:51:04 CET.
Flavor | Version | Tinstall | Tcheck | Ttotal | Status | Flags |
---|---|---|---|---|---|---|
r-devel-linux-x86_64-debian-clang | 0.5.0.2 | 12.44 | 70.47 | 82.91 | OK | |
r-devel-linux-x86_64-debian-gcc | 0.5.0.2 | 10.44 | 59.86 | 70.30 | OK | |
r-devel-linux-x86_64-fedora-clang | 0.5.0.2 | 100.70 | OK | |||
r-devel-linux-x86_64-fedora-gcc | 0.5.0.2 | 98.94 | OK | |||
r-devel-windows-ix86+x86_64 | 0.5.0.2 | 38.00 | 131.00 | 169.00 | OK | |
r-patched-linux-x86_64 | 0.5.0.2 | 12.27 | 68.03 | 80.30 | OK | |
r-patched-solaris-x86 | 0.5.0.2 | 3.70 | ERROR | |||
r-release-linux-x86_64 | 0.5.0.2 | 11.83 | 68.00 | 79.83 | OK | |
r-release-windows-ix86+x86_64 | 0.5.0.2 | 38.00 | 126.00 | 164.00 | OK | |
r-release-osx-x86_64 | 0.5.0.2 | OK | ||||
r-oldrel-windows-ix86+x86_64 | 0.5.0.2 | 35.00 | 131.00 | 166.00 | OK | |
r-oldrel-osx-x86_64 | 0.5.0.2 | OK |
Version: 0.5.0.2
Check: whether package can be installed
Result: ERROR
Installation failed.
Flavor: r-patched-solaris-x86