CRAN Package Check Results for Package DNLC

Last updated on 2018-11-24 00:51:04 CET.

Flavor Version Tinstall Tcheck Ttotal Status Flags
r-devel-linux-x86_64-debian-clang 1.0.0 8.86 20.16 29.02 OK
r-devel-linux-x86_64-debian-gcc 1.0.0 7.14 16.35 23.49 OK
r-devel-linux-x86_64-fedora-clang 1.0.0 34.47 NOTE
r-devel-linux-x86_64-fedora-gcc 1.0.0 32.93 NOTE
r-devel-windows-ix86+x86_64 1.0.0 13.00 42.00 55.00 OK
r-patched-linux-x86_64 1.0.0 7.49 18.76 26.25 OK
r-patched-solaris-x86 1.0.0 52.50 NOTE
r-release-linux-x86_64 1.0.0 5.69 18.95 24.64 OK
r-release-windows-ix86+x86_64 1.0.0 14.00 45.00 59.00 OK
r-release-osx-x86_64 1.0.0 NOTE
r-oldrel-windows-ix86+x86_64 1.0.0 15.00 40.00 55.00 OK
r-oldrel-osx-x86_64 1.0.0 NOTE

Check Details

Version: 1.0.0
Check: dependencies in R code
Result: NOTE
    Namespaces in Imports field not imported from:
     ‘GOstats’ ‘caTools’ ‘fdrtool’
     All declared Imports should be used.
Flavors: r-devel-linux-x86_64-fedora-clang, r-devel-linux-x86_64-fedora-gcc, r-patched-solaris-x86, r-release-osx-x86_64, r-oldrel-osx-x86_64