CRAN Package Check Results for Package DPWeibull

Last updated on 2018-11-24 00:51:04 CET.

Flavor Version Tinstall Tcheck Ttotal Status Flags
r-devel-linux-x86_64-debian-clang 1.2 82.39 65.96 148.35 WARN
r-devel-linux-x86_64-debian-gcc 1.2 74.58 52.85 127.43 OK
r-devel-linux-x86_64-fedora-clang 1.2 218.75 WARN
r-devel-linux-x86_64-fedora-gcc 1.2 195.94 OK
r-devel-windows-ix86+x86_64 1.2 197.00 133.00 330.00 OK
r-patched-linux-x86_64 1.2 88.88 63.81 152.69 OK
r-patched-solaris-x86 1.2 221.50 OK
r-release-linux-x86_64 1.2 96.24 63.48 159.72 OK
r-release-windows-ix86+x86_64 1.2 197.00 146.00 343.00 OK
r-release-osx-x86_64 1.2 WARN
r-oldrel-windows-ix86+x86_64 1.2 214.00 133.00 347.00 OK
r-oldrel-osx-x86_64 1.2 OK

Check Details

Version: 1.2
Check: whether package can be installed
Result: WARN
    Found the following significant warnings:
     compnoreggilks.cpp:31:10: warning: explicitly assigning value of variable of type 'double' to itself [-Wself-assign]
     compnoreggilks.cpp:90:10: warning: explicitly assigning value of variable of type 'double' to itself [-Wself-assign]
     compreggilks.cpp:32:10: warning: explicitly assigning value of variable of type 'double' to itself [-Wself-assign]
     compreggilks.cpp:88:10: warning: explicitly assigning value of variable of type 'double' to itself [-Wself-assign]
     compreggilks.cpp:150:10: warning: explicitly assigning value of variable of type 'double' to itself [-Wself-assign]
     compreggilks.cpp:207:10: warning: explicitly assigning value of variable of type 'double' to itself [-Wself-assign]
     compreggilks.cpp:380:8: warning: explicitly assigning value of variable of type 'double' to itself [-Wself-assign]
Flavors: r-devel-linux-x86_64-debian-clang, r-devel-linux-x86_64-fedora-clang, r-release-osx-x86_64