Last updated on 2018-11-24 00:51:03 CET.
Flavor | Version | Tinstall | Tcheck | Ttotal | Status | Flags |
---|---|---|---|---|---|---|
r-devel-linux-x86_64-debian-clang | 0.0.3 | 2.45 | 34.52 | 36.97 | OK | |
r-devel-linux-x86_64-debian-gcc | 0.0.3 | 1.97 | 27.57 | 29.54 | OK | |
r-devel-linux-x86_64-fedora-clang | 0.0.3 | 43.16 | NOTE | |||
r-devel-linux-x86_64-fedora-gcc | 0.0.3 | 41.32 | NOTE | |||
r-devel-windows-ix86+x86_64 | 0.0.3 | 8.00 | 74.00 | 82.00 | OK | |
r-patched-linux-x86_64 | 0.0.3 | 2.11 | 32.35 | 34.46 | OK | |
r-patched-solaris-x86 | 0.0.3 | 62.70 | NOTE | |||
r-release-linux-x86_64 | 0.0.3 | 1.92 | 32.26 | 34.18 | OK | |
r-release-windows-ix86+x86_64 | 0.0.3 | 7.00 | 61.00 | 68.00 | OK | |
r-release-osx-x86_64 | 0.0.3 | NOTE | ||||
r-oldrel-windows-ix86+x86_64 | 0.0.3 | 8.00 | 66.00 | 74.00 | OK | |
r-oldrel-osx-x86_64 | 0.0.3 | NOTE |
Version: 0.0.3
Check: dependencies in R code
Result: NOTE
Namespace in Imports field not imported from: ‘magrittr’
All declared Imports should be used.
Flavors: r-devel-linux-x86_64-fedora-clang, r-devel-linux-x86_64-fedora-gcc, r-patched-solaris-x86, r-release-osx-x86_64, r-oldrel-osx-x86_64