CRAN Package Check Results for Package FLSSS

Last updated on 2018-11-24 00:51:06 CET.

Flavor Version Tinstall Tcheck Ttotal Status Flags
r-devel-linux-x86_64-debian-clang 7.7 180.40 42.61 223.01 NOTE
r-devel-linux-x86_64-debian-gcc 7.7 145.56 33.89 179.45 NOTE
r-devel-linux-x86_64-fedora-clang 7.7 329.58 NOTE
r-devel-linux-x86_64-fedora-gcc 7.7 288.15 NOTE
r-devel-windows-ix86+x86_64 7.7 376.00 123.00 499.00 NOTE
r-patched-linux-x86_64 7.7 174.34 40.86 215.20 NOTE
r-patched-solaris-x86 7.7 232.80 NOTE
r-release-linux-x86_64 7.6 157.43 38.17 195.60 NOTE
r-release-windows-ix86+x86_64 7.7 364.00 105.00 469.00 NOTE
r-release-osx-x86_64 7.7 NOTE
r-oldrel-windows-ix86+x86_64 7.6 361.00 101.00 462.00 NOTE
r-oldrel-osx-x86_64 7.7 NOTE

Additional issues

clang-UBSAN gcc-UBSAN

Check Details

Version: 7.7
Check: for GNU extensions in Makefiles
Result: NOTE
    GNU make is a SystemRequirements.
Flavors: r-devel-linux-x86_64-debian-clang, r-devel-linux-x86_64-debian-gcc, r-devel-linux-x86_64-fedora-clang, r-devel-linux-x86_64-fedora-gcc, r-devel-windows-ix86+x86_64, r-patched-linux-x86_64, r-patched-solaris-x86, r-release-windows-ix86+x86_64, r-release-osx-x86_64, r-oldrel-osx-x86_64

Version: 7.7
Check: installed package size
Result: NOTE
     installed size is 14.4Mb
     sub-directories of 1Mb or more:
     libs 14.2Mb
Flavors: r-devel-linux-x86_64-fedora-clang, r-release-osx-x86_64, r-oldrel-osx-x86_64

Version: 7.6
Check: for GNU extensions in Makefiles
Result: NOTE
    GNU make is a SystemRequirements.
Flavors: r-release-linux-x86_64, r-oldrel-windows-ix86+x86_64