CRAN Package Check Results for Package FREGAT

Last updated on 2018-11-24 00:51:07 CET.

Flavor Version Tinstall Tcheck Ttotal Status Flags
r-devel-linux-x86_64-debian-clang 1.1.0 9.53 70.74 80.27 NOTE
r-devel-linux-x86_64-debian-gcc 1.1.0 7.33 55.92 63.25 NOTE
r-devel-linux-x86_64-fedora-clang 1.1.0 96.10 NOTE
r-devel-linux-x86_64-fedora-gcc 1.1.0 93.26 NOTE
r-devel-windows-ix86+x86_64 1.1.0 28.00 189.00 217.00 OK
r-patched-linux-x86_64 1.1.0 9.69 69.25 78.94 NOTE
r-patched-solaris-x86 1.1.0 187.00 NOTE
r-release-linux-x86_64 1.1.0 8.48 69.14 77.62 NOTE
r-release-windows-ix86+x86_64 1.1.0 29.00 194.00 223.00 OK
r-release-osx-x86_64 1.1.0 OK
r-oldrel-windows-ix86+x86_64 1.1.0 24.00 196.00 220.00 OK
r-oldrel-osx-x86_64 1.1.0 OK

Additional issues

rchk

Check Details

Version: 1.1.0
Check: package dependencies
Result: NOTE
    Package suggested but not available for checking: ‘GenABEL’
Flavors: r-devel-linux-x86_64-debian-clang, r-devel-linux-x86_64-debian-gcc, r-devel-linux-x86_64-fedora-clang, r-devel-linux-x86_64-fedora-gcc, r-patched-linux-x86_64, r-patched-solaris-x86, r-release-linux-x86_64