CRAN Package Check Results for Package FloodMapper

Last updated on 2018-11-24 00:51:06 CET.

Flavor Version Tinstall Tcheck Ttotal Status Flags
r-devel-linux-x86_64-debian-clang 1.0 6.49 70.63 77.12 OK
r-devel-linux-x86_64-debian-gcc 1.0 5.27 57.90 63.17 OK
r-devel-linux-x86_64-fedora-clang 1.0 91.52 NOTE
r-devel-linux-x86_64-fedora-gcc 1.0 87.96 NOTE
r-devel-windows-ix86+x86_64 1.0 13.00 103.00 116.00 OK
r-patched-linux-x86_64 1.0 6.51 69.55 76.06 OK
r-patched-solaris-x86 1.0 144.30 NOTE
r-release-linux-x86_64 1.0 6.26 69.06 75.32 OK
r-release-windows-ix86+x86_64 1.0 13.00 107.00 120.00 OK
r-release-osx-x86_64 1.0 NOTE
r-oldrel-windows-ix86+x86_64 1.0 12.00 110.00 122.00 OK
r-oldrel-osx-x86_64 1.0 NOTE

Check Details

Version: 1.0
Check: dependencies in R code
Result: NOTE
    Namespace in Imports field not imported from: ‘rgdal’
     All declared Imports should be used.
Flavors: r-devel-linux-x86_64-fedora-clang, r-devel-linux-x86_64-fedora-gcc, r-patched-solaris-x86, r-release-osx-x86_64, r-oldrel-osx-x86_64