Last updated on 2018-11-24 00:51:06 CET.
Flavor | Version | Tinstall | Tcheck | Ttotal | Status | Flags |
---|---|---|---|---|---|---|
r-devel-linux-x86_64-debian-clang | 0.9.0 | 31.11 | 196.62 | 227.73 | OK | |
r-devel-linux-x86_64-debian-gcc | 0.9.0 | 29.15 | 162.04 | 191.19 | OK | |
r-devel-linux-x86_64-fedora-clang | 0.9.0 | 283.75 | OK | |||
r-devel-linux-x86_64-fedora-gcc | 0.9.0 | 272.96 | OK | |||
r-devel-windows-ix86+x86_64 | 0.9.0 | 54.00 | 240.00 | 294.00 | OK | |
r-patched-linux-x86_64 | 0.9.0 | 30.15 | 193.44 | 223.59 | OK | |
r-patched-solaris-x86 | 0.9.0 | 385.50 | OK | |||
r-release-linux-x86_64 | 0.9.0 | 30.96 | 189.07 | 220.03 | OK | |
r-release-windows-ix86+x86_64 | 0.9.0 | 52.00 | 254.00 | 306.00 | OK | |
r-release-osx-x86_64 | 0.9.0 | OK | ||||
r-oldrel-windows-ix86+x86_64 | 0.9.0 | 14.00 | 197.00 | 211.00 | OK | |
r-oldrel-osx-x86_64 | 0.9.0 | WARN |
Version: 0.9.0
Check: re-building of vignette outputs
Result: WARN
Error in re-building vignettes:
...
Warning in private$.dnames[[1]][rows] = rownames(data) :
number of items to replace is not a multiple of replacement length
Warning in private$.dnames[[1]][rows] = rownames(data) :
number of items to replace is not a multiple of replacement length
Warning in private$.dnames[[1]][rows] = rownames(data) :
number of items to replace is not a multiple of replacement length
Warning: running command 'kpsewhich framed.sty' had status 1
Warning in test_latex_pkg("framed", system.file("misc", "framed.sty", package = "knitr")) :
unable to find LaTeX package 'framed'; will use a copy from knitr
Error in texi2dvi(file = file, pdf = TRUE, clean = clean, quiet = quiet, :
Running 'texi2dvi' on 'ClassDiagram.tex' failed.
LaTeX errors:
! LaTeX Error: File `pbox.sty' not found.
Type X to quit or <RETURN> to proceed,
or enter new name. (Default extension: sty)
! Emergency stop.
<read *>
l.56 \usepackage
{adjustbox}^^M
! ==> Fatal error occurred, no output PDF file produced!
Calls: buildVignettes -> texi2pdf -> texi2dvi
Execution halted
Flavor: r-oldrel-osx-x86_64