CRAN Package Check Results for Package GERGM

Last updated on 2018-11-24 00:51:07 CET.

Flavor Version Tinstall Tcheck Ttotal Status Flags
r-devel-linux-x86_64-debian-clang 0.13.0 94.38 274.35 368.73 OK
r-devel-linux-x86_64-debian-gcc 0.13.0 76.02 203.77 279.79 OK
r-devel-linux-x86_64-fedora-clang 0.13.0 478.48 NOTE
r-devel-linux-x86_64-fedora-gcc 0.13.0 447.08 OK
r-devel-windows-ix86+x86_64 0.13.0 232.00 382.00 614.00 OK
r-patched-linux-x86_64 0.13.0 78.79 281.67 360.46 OK
r-patched-solaris-x86 0.13.0 811.80 OK
r-release-linux-x86_64 0.13.0 75.19 254.70 329.89 OK
r-release-windows-ix86+x86_64 0.13.0 247.00 430.00 677.00 OK
r-release-osx-x86_64 0.13.0 OK
r-oldrel-windows-ix86+x86_64 0.13.0 251.00 440.00 691.00 OK
r-oldrel-osx-x86_64 0.13.0 OK

Check Details

Version: 0.13.0
Check: installed package size
Result: NOTE
     installed size is 5.3Mb
     sub-directories of 1Mb or more:
     libs 4.2Mb
Flavor: r-devel-linux-x86_64-fedora-clang