CRAN Package Check Results for Package GPfit

Last updated on 2018-11-24 00:51:08 CET.

Flavor Version Tinstall Tcheck Ttotal Status Flags
r-devel-linux-x86_64-debian-clang 1.0-0 1.70 36.25 37.95 NOTE
r-devel-linux-x86_64-debian-gcc 1.0-0 1.48 28.10 29.58 NOTE
r-devel-linux-x86_64-fedora-clang 1.0-0 44.35 NOTE
r-devel-linux-x86_64-fedora-gcc 1.0-0 42.26 NOTE
r-devel-windows-ix86+x86_64 1.0-0 5.00 67.00 72.00 NOTE
r-patched-linux-x86_64 1.0-0 1.57 34.43 36.00 NOTE
r-patched-solaris-x86 1.0-0 67.30 NOTE
r-release-linux-x86_64 1.0-0 1.24 33.10 34.34 NOTE
r-release-windows-ix86+x86_64 1.0-0 4.00 63.00 67.00 NOTE
r-release-osx-x86_64 1.0-0 NOTE
r-oldrel-windows-ix86+x86_64 1.0-0 4.00 69.00 73.00 NOTE
r-oldrel-osx-x86_64 1.0-0 NOTE

Check Details

Version: 1.0-0
Check: R code for possible problems
Result: NOTE
    GP_fit: no visible global function definition for ‘kmeans’
    GP_fit: no visible global function definition for ‘optim’
    plot.GP: no visible global function definition for ‘matplot’
    plot.GP: no visible global function definition for ‘lines’
    plot.GP: no visible global function definition for ‘legend’
    Undefined global functions or variables:
     kmeans legend lines matplot optim
    Consider adding
     importFrom("graphics", "legend", "lines", "matplot")
     importFrom("stats", "kmeans", "optim")
    to your NAMESPACE file.
Flavors: r-devel-linux-x86_64-debian-clang, r-devel-linux-x86_64-debian-gcc, r-devel-linux-x86_64-fedora-clang, r-devel-linux-x86_64-fedora-gcc, r-devel-windows-ix86+x86_64, r-patched-linux-x86_64, r-patched-solaris-x86, r-release-linux-x86_64, r-release-windows-ix86+x86_64, r-release-osx-x86_64, r-oldrel-windows-ix86+x86_64, r-oldrel-osx-x86_64