CRAN Package Check Results for Package GenEst

Last updated on 2018-11-24 00:51:07 CET.

Flavor Version Tinstall Tcheck Ttotal Status Flags
r-devel-linux-x86_64-debian-clang 1.1.0 25.46 219.98 245.44 OK
r-devel-linux-x86_64-debian-gcc 1.1.0 24.00 162.77 186.77 OK
r-devel-linux-x86_64-fedora-clang 1.1.0 224.19 OK
r-devel-linux-x86_64-fedora-gcc 1.1.2 285.91 OK
r-devel-windows-ix86+x86_64 1.1.0 74.00 368.00 442.00 OK
r-patched-linux-x86_64 1.1.0 27.45 211.17 238.62 OK
r-patched-solaris-x86 1.1.2 338.50 OK
r-release-linux-x86_64 1.1.0 33.91 211.82 245.73 OK
r-release-windows-ix86+x86_64 1.1.0 70.00 377.00 447.00 OK
r-release-osx-x86_64 1.1.0 OK
r-oldrel-osx-x86_64 1.1.0 ERROR

Check Details

Version: 1.1.0
Check: whether package can be installed
Result: ERROR
    Installation failed.
Flavor: r-oldrel-osx-x86_64