Last updated on 2018-11-24 00:51:09 CET.
Flavor | Version | Tinstall | Tcheck | Ttotal | Status | Flags |
---|---|---|---|---|---|---|
r-devel-linux-x86_64-debian-clang | 3.1-35 | 24.76 | 230.78 | 255.54 | OK | |
r-devel-linux-x86_64-debian-gcc | 3.1-35 | 18.90 | 172.23 | 191.13 | OK | |
r-devel-linux-x86_64-fedora-clang | 3.1-35 | 291.61 | OK | |||
r-devel-linux-x86_64-fedora-gcc | 3.1-35 | 282.18 | OK | |||
r-devel-windows-ix86+x86_64 | 3.1-35 | 47.00 | 228.00 | 275.00 | WARN | |
r-patched-linux-x86_64 | 3.1-35 | 17.86 | 216.04 | 233.90 | OK | |
r-patched-solaris-x86 | 3.1-35 | 370.30 | OK | |||
r-release-linux-x86_64 | 3.1-35 | 20.79 | 214.62 | 235.41 | OK | |
r-release-windows-ix86+x86_64 | 3.1-35 | 57.00 | 318.00 | 375.00 | WARN | |
r-release-osx-x86_64 | 3.1-35 | OK | ||||
r-oldrel-windows-ix86+x86_64 | 3.1-35 | 36.00 | 321.00 | 357.00 | OK | |
r-oldrel-osx-x86_64 | 3.1-35 | OK |
Version: 3.1-35
Check: whether package can be installed
Result: WARN
Found the following significant warnings:
Warning: S3 methods '[.fun_list', '[.grouped_df', 'all.equal.tbl_df', 'anti_join.data.frame', 'anti_join.tbl_df', 'arrange.data.frame', 'arrange.default', 'arrange.grouped_df', 'arrange.tbl_df', 'arrange_.data.frame', 'arrange_.tbl_df', 'as.data.frame.grouped_df', 'as.data.frame.rowwise_df', 'as.data.frame.tbl_cube', 'as.table.tbl_cube', 'as.tbl.data.frame', 'as.tbl.tbl', 'as.tbl_cube.array', 'as.tbl_cube.data.frame', 'as.tbl_cube.matrix', 'as.tbl_cube.table', 'as_tibble.grouped_df', 'as_tibble.tbl_cube', 'auto_copy.tbl_cube', 'auto_copy.tbl_df', 'cbind.grouped_df', 'collapse.data.frame', 'collect.data.frame', 'common_by.NULL', 'common_by.character', 'common_by.default', 'common_by.list', 'compute.data.frame', 'copy_to.DBIConnection', 'copy_to.src_local', 'default_missing.data.frame', 'default_missing.default', 'dim.tbl_cube', 'distinct.data.frame', 'distinct.default', 'distinct.grouped_df', 'distinct.tbl_df', 'distinct_.data.frame', 'distinct_.grouped_df', 'distinct_.tbl_df', 'do.NULL', 'do.da [... truncated]
Flavors: r-devel-windows-ix86+x86_64, r-release-windows-ix86+x86_64