Last updated on 2018-11-24 00:51:09 CET.
Flavor | Version | Tinstall | Tcheck | Ttotal | Status | Flags |
---|---|---|---|---|---|---|
r-devel-linux-x86_64-debian-clang | 7.0.0 | 12.71 | 306.00 | 318.71 | OK | |
r-devel-linux-x86_64-debian-gcc | 7.0.0 | 11.06 | 227.35 | 238.41 | OK | |
r-devel-linux-x86_64-fedora-clang | 7.0.0 | 369.74 | OK | |||
r-devel-linux-x86_64-fedora-gcc | 7.0.0 | 355.79 | OK | |||
r-devel-windows-ix86+x86_64 | 7.0.0 | 33.00 | 334.00 | 367.00 | OK | |
r-patched-linux-x86_64 | 7.0.0 | 14.74 | 290.06 | 304.80 | OK | |
r-patched-solaris-x86 | 7.0.0 | 454.90 | OK | |||
r-release-linux-x86_64 | 7.0.0 | 12.65 | 282.42 | 295.07 | OK | |
r-release-windows-ix86+x86_64 | 7.0.0 | 32.00 | 387.00 | 419.00 | OK | |
r-release-osx-x86_64 | 7.0.0 | NOTE | ||||
r-oldrel-windows-ix86+x86_64 | 7.0.0 | 18.00 | 414.00 | 432.00 | OK | |
r-oldrel-osx-x86_64 | 7.0.0 | NOTE |
Version: 7.0.0
Check: package dependencies
Result: NOTE
Package suggested but not available for checking: ‘Rmpi’
Flavors: r-release-osx-x86_64, r-oldrel-osx-x86_64