Last updated on 2018-11-24 00:51:10 CET.
Flavor | Version | Tinstall | Tcheck | Ttotal | Status | Flags |
---|---|---|---|---|---|---|
r-devel-linux-x86_64-debian-clang | 1.0.4 | 75.28 | 115.81 | 191.09 | NOTE | |
r-devel-linux-x86_64-debian-gcc | 1.0.4 | 62.69 | 92.01 | 154.70 | NOTE | |
r-devel-linux-x86_64-fedora-clang | 1.0.4 | 252.11 | NOTE | |||
r-devel-linux-x86_64-fedora-gcc | 1.0.4 | 239.68 | NOTE | |||
r-devel-windows-ix86+x86_64 | 1.0.4 | 202.00 | 233.00 | 435.00 | NOTE | |
r-patched-linux-x86_64 | 1.0.4 | 85.04 | 112.98 | 198.02 | NOTE | |
r-patched-solaris-x86 | 1.0.4 | 306.40 | NOTE | |||
r-release-linux-x86_64 | 1.0.4 | 78.32 | 111.66 | 189.98 | NOTE | |
r-release-windows-ix86+x86_64 | 1.0.4 | 214.00 | 238.00 | 452.00 | NOTE | |
r-release-osx-x86_64 | 1.0.4 | NOTE | ||||
r-oldrel-windows-ix86+x86_64 | 1.0.4 | 221.00 | 264.00 | 485.00 | NOTE | |
r-oldrel-osx-x86_64 | 1.0.4 | NOTE |
Version: 1.0.4
Check: for GNU extensions in Makefiles
Result: NOTE
GNU make is a SystemRequirements.
Flavors: r-devel-linux-x86_64-debian-clang, r-devel-linux-x86_64-debian-gcc, r-devel-linux-x86_64-fedora-clang, r-devel-linux-x86_64-fedora-gcc, r-devel-windows-ix86+x86_64, r-patched-linux-x86_64, r-patched-solaris-x86, r-release-linux-x86_64, r-release-windows-ix86+x86_64, r-release-osx-x86_64, r-oldrel-windows-ix86+x86_64, r-oldrel-osx-x86_64