CRAN Package Check Results for Package JMdesign

Last updated on 2018-11-24 00:51:11 CET.

Flavor Version Tinstall Tcheck Ttotal Status Flags
r-devel-linux-x86_64-debian-clang 1.1 1.30 20.04 21.34 NOTE
r-devel-linux-x86_64-debian-gcc 1.1 1.02 16.52 17.54 NOTE
r-devel-linux-x86_64-fedora-clang 1.1 25.35 NOTE
r-devel-linux-x86_64-fedora-gcc 1.1 24.34 NOTE
r-devel-windows-ix86+x86_64 1.1 4.00 40.00 44.00 NOTE
r-patched-linux-x86_64 1.1 0.95 18.89 19.84 NOTE
r-patched-solaris-x86 1.1 39.70 NOTE
r-release-linux-x86_64 1.1 1.32 19.21 20.53 NOTE
r-release-windows-ix86+x86_64 1.1 4.00 32.00 36.00 NOTE
r-release-osx-x86_64 1.1 NOTE
r-oldrel-windows-ix86+x86_64 1.1 2.00 31.00 33.00 NOTE
r-oldrel-osx-x86_64 1.1 NOTE

Check Details

Version: 1.1
Check: R code for possible problems
Result: NOTE
    powerLongSurv: no visible global function definition for ‘qnorm’
    powerLongSurv: no visible global function definition for ‘pnorm’
    Undefined global functions or variables:
     pnorm qnorm
    Consider adding
     importFrom("stats", "pnorm", "qnorm")
    to your NAMESPACE file.
Flavors: r-devel-linux-x86_64-debian-clang, r-devel-linux-x86_64-debian-gcc, r-devel-linux-x86_64-fedora-clang, r-devel-linux-x86_64-fedora-gcc, r-devel-windows-ix86+x86_64, r-patched-linux-x86_64, r-patched-solaris-x86, r-release-linux-x86_64, r-release-windows-ix86+x86_64, r-release-osx-x86_64, r-oldrel-windows-ix86+x86_64, r-oldrel-osx-x86_64