CRAN Package Check Results for Package KarsTS

Last updated on 2018-11-24 00:51:11 CET.

Flavor Version Tinstall Tcheck Ttotal Status Flags
r-devel-linux-x86_64-debian-clang 2.2 14.59 75.70 90.29 OK
r-devel-linux-x86_64-debian-gcc 2.2 12.27 59.70 71.97 OK
r-devel-linux-x86_64-fedora-clang 2.2 105.40 NOTE
r-devel-linux-x86_64-fedora-gcc 2.2 104.55 NOTE
r-devel-windows-ix86+x86_64 2.2 32.00 0.00 32.00 OK
r-patched-linux-x86_64 2.2 12.83 73.31 86.14 OK
r-patched-solaris-x86 2.2 130.60 NOTE
r-release-linux-x86_64 2.2 14.47 74.70 89.17 OK
r-release-windows-ix86+x86_64 2.2 30.00 0.00 30.00 OK
r-release-osx-x86_64 2.2 NOTE
r-oldrel-windows-ix86+x86_64 2.2 16.00 112.00 128.00 OK
r-oldrel-osx-x86_64 2.2 NOTE

Check Details

Version: 2.2
Check: dependencies in R code
Result: NOTE
    Namespace in Imports field not imported from: ‘stinepack’
     All declared Imports should be used.
Flavors: r-devel-linux-x86_64-fedora-clang, r-devel-linux-x86_64-fedora-gcc, r-patched-solaris-x86, r-release-osx-x86_64, r-oldrel-osx-x86_64