CRAN Package Check Results for Package LEANR

Last updated on 2018-11-24 00:51:11 CET.

Flavor Version Tinstall Tcheck Ttotal Status Flags
r-devel-linux-x86_64-debian-clang 1.4.9 5.62 162.75 168.37 OK
r-devel-linux-x86_64-debian-gcc 1.4.9 4.90 121.81 126.71 OK
r-devel-linux-x86_64-fedora-clang 1.4.9 188.36 OK
r-devel-linux-x86_64-fedora-gcc 1.4.9 187.90 OK
r-devel-windows-ix86+x86_64 1.4.9 12.00 228.00 240.00 NOTE
r-patched-linux-x86_64 1.4.9 7.57 154.36 161.93 OK
r-patched-solaris-x86 1.4.9 238.60 OK
r-release-linux-x86_64 1.4.9 5.03 156.01 161.04 OK
r-release-windows-ix86+x86_64 1.4.9 13.00 236.00 249.00 NOTE
r-release-osx-x86_64 1.4.9 OK
r-oldrel-windows-ix86+x86_64 1.4.9 12.00 222.00 234.00 NOTE
r-oldrel-osx-x86_64 1.4.9 OK

Check Details

Version: 1.4.9
Check: package dependencies
Result: NOTE
    Package suggested but not available for checking: 'doMC'
Flavors: r-devel-windows-ix86+x86_64, r-release-windows-ix86+x86_64, r-oldrel-windows-ix86+x86_64