Last updated on 2018-11-24 00:51:12 CET.
Flavor | Version | Tinstall | Tcheck | Ttotal | Status | Flags |
---|---|---|---|---|---|---|
r-devel-linux-x86_64-debian-clang | 0.3.1 | 6.75 | 77.25 | 84.00 | OK | |
r-devel-linux-x86_64-debian-gcc | 0.3.1 | 6.43 | 61.30 | 67.73 | OK | |
r-devel-linux-x86_64-fedora-clang | 0.3.1 | 100.57 | OK | |||
r-devel-linux-x86_64-fedora-gcc | 0.3.1 | 99.64 | OK | |||
r-devel-windows-ix86+x86_64 | 0.3.1 | 14.00 | 386.00 | 400.00 | OK | |
r-patched-linux-x86_64 | 0.3.1 | 5.75 | 74.64 | 80.39 | OK | |
r-patched-solaris-x86 | 0.3.1 | 491.60 | OK | |||
r-release-linux-x86_64 | 0.3.1 | 8.17 | 74.52 | 82.69 | OK | |
r-release-windows-ix86+x86_64 | 0.3.1 | 15.00 | 387.00 | 402.00 | OK | |
r-release-osx-x86_64 | 0.3.1 | NOTE | ||||
r-oldrel-windows-ix86+x86_64 | 0.2.1 | 6.00 | 454.00 | 460.00 | OK | |
r-oldrel-osx-x86_64 | 0.3.1 | ERROR |
Version: 0.3.1
Check: package dependencies
Result: NOTE
Package suggested but not available for checking: ‘RGtk2’
Flavors: r-release-osx-x86_64, r-oldrel-osx-x86_64
Version: 0.3.1
Check: whether package can be installed
Result: ERROR
Installation failed.
Flavor: r-oldrel-osx-x86_64