Last updated on 2018-11-24 00:51:15 CET.
Flavor | Version | Tinstall | Tcheck | Ttotal | Status | Flags |
---|---|---|---|---|---|---|
r-devel-linux-x86_64-debian-clang | 1.4.0 | 53.19 | 487.73 | 540.92 | OK | |
r-devel-linux-x86_64-debian-gcc | 1.4.1 | 49.44 | 347.51 | 396.95 | OK | |
r-devel-linux-x86_64-fedora-clang | 1.4.0 | 634.75 | NOTE | |||
r-devel-linux-x86_64-fedora-gcc | 1.4.1 | 607.17 | NOTE | |||
r-devel-windows-ix86+x86_64 | 1.4.0 | 108.00 | 615.00 | 723.00 | OK | |
r-patched-linux-x86_64 | 1.4.1 | 56.06 | 454.88 | 510.94 | OK | |
r-patched-solaris-x86 | 1.4.1 | 690.80 | NOTE | |||
r-release-linux-x86_64 | 1.4.0 | 62.46 | 470.74 | 533.20 | OK | |
r-release-windows-ix86+x86_64 | 1.4.1 | 111.00 | 566.00 | 677.00 | OK | |
r-release-osx-x86_64 | 1.4.0 | NOTE | ||||
r-oldrel-windows-ix86+x86_64 | 1.3.9 | 10.00 | 9.00 | 19.00 | ERROR | |
r-oldrel-osx-x86_64 | 1.4.0 | ERROR |
Version: 1.4.0
Check: dependencies in R code
Result: NOTE
Namespace in Imports field not imported from: ‘knitr’
All declared Imports should be used.
Flavors: r-devel-linux-x86_64-fedora-clang, r-release-osx-x86_64
Version: 1.4.1
Check: dependencies in R code
Result: NOTE
Namespace in Imports field not imported from: ‘knitr’
All declared Imports should be used.
Flavors: r-devel-linux-x86_64-fedora-gcc, r-patched-solaris-x86
Version: 1.3.9
Check: whether package can be installed
Result: ERROR
Installation failed.
Flavor: r-oldrel-windows-ix86+x86_64
Version: 1.4.0
Check: whether package can be installed
Result: ERROR
Installation failed.
Flavor: r-oldrel-osx-x86_64