CRAN Package Check Results for Package MediaK

Last updated on 2018-11-24 00:51:13 CET.

Flavor Version Tinstall Tcheck Ttotal Status Flags
r-devel-linux-x86_64-debian-clang 1.0 21.25 22.03 43.28 OK
r-devel-linux-x86_64-debian-gcc 1.0 17.43 18.33 35.76 OK
r-devel-linux-x86_64-fedora-clang 1.0 56.71 NOTE
r-devel-linux-x86_64-fedora-gcc 1.0 52.17 NOTE
r-devel-windows-ix86+x86_64 1.0 48.00 68.00 116.00 OK
r-patched-linux-x86_64 1.0 21.83 20.89 42.72 OK
r-patched-solaris-x86 1.0 62.80 OK
r-release-linux-x86_64 1.0 20.54 20.87 41.41 OK
r-release-windows-ix86+x86_64 1.0 46.00 67.00 113.00 OK
r-release-osx-x86_64 1.0 OK
r-oldrel-windows-ix86+x86_64 1.0 49.00 70.00 119.00 OK
r-oldrel-osx-x86_64 1.0 OK

Check Details

Version: 1.0
Check: compiled code
Result: NOTE
    File ‘MediaK/libs/MediaK.so’:
     Found no calls to: ‘R_registerRoutines’, ‘R_useDynamicSymbols’
    
    It is good practice to register native routines and to disable symbol
    search.
    
    See ‘Writing portable packages’ in the ‘Writing R Extensions’ manual.
Flavors: r-devel-linux-x86_64-fedora-clang, r-devel-linux-x86_64-fedora-gcc