Last updated on 2018-11-24 00:51:13 CET.
Flavor | Version | Tinstall | Tcheck | Ttotal | Status | Flags |
---|---|---|---|---|---|---|
r-devel-linux-x86_64-debian-clang | 0.60 | 7.83 | 34.85 | 42.68 | OK | |
r-devel-linux-x86_64-debian-gcc | 0.60 | 5.37 | 27.57 | 32.94 | OK | |
r-devel-linux-x86_64-fedora-clang | 0.60 | 59.68 | NOTE | |||
r-devel-linux-x86_64-fedora-gcc | 0.60 | 48.12 | NOTE | |||
r-devel-windows-ix86+x86_64 | 0.60 | 28.00 | 82.00 | 110.00 | OK | |
r-patched-linux-x86_64 | 0.60 | 8.07 | 33.72 | 41.79 | OK | |
r-patched-solaris-x86 | 0.60 | 93.40 | OK | |||
r-release-linux-x86_64 | 0.60 | 7.45 | 33.43 | 40.88 | OK | |
r-release-windows-ix86+x86_64 | 0.60 | 29.00 | 55.00 | 84.00 | OK | |
r-release-osx-x86_64 | 0.60 | OK | ||||
r-oldrel-windows-ix86+x86_64 | 0.60 | 20.00 | 61.00 | 81.00 | OK | |
r-oldrel-osx-x86_64 | 0.60 | OK |
Version: 0.60
Check: compiled code
Result: NOTE
File ‘MetaSKAT/libs/MetaSKAT.so’:
Found no calls to: ‘R_registerRoutines’, ‘R_useDynamicSymbols’
It is good practice to register native routines and to disable symbol
search.
See ‘Writing portable packages’ in the ‘Writing R Extensions’ manual.
Flavors: r-devel-linux-x86_64-fedora-clang, r-devel-linux-x86_64-fedora-gcc