Last updated on 2018-11-24 00:51:13 CET.
Flavor | Version | Tinstall | Tcheck | Ttotal | Status | Flags |
---|---|---|---|---|---|---|
r-devel-linux-x86_64-debian-clang | 0.0.2 | 23.30 | 273.22 | 296.52 | OK | |
r-devel-linux-x86_64-debian-gcc | 0.0.2 | 22.16 | 214.94 | 237.10 | OK | |
r-devel-linux-x86_64-fedora-clang | 0.0.2 | 357.49 | NOTE | |||
r-devel-linux-x86_64-fedora-gcc | 0.0.2 | 355.17 | NOTE | |||
r-devel-windows-ix86+x86_64 | 0.0.2 | 56.00 | 340.00 | 396.00 | OK | |
r-patched-linux-x86_64 | 0.0.2 | 21.54 | 261.92 | 283.46 | OK | |
r-patched-solaris-x86 | 0.0.2 | 525.90 | NOTE | |||
r-release-linux-x86_64 | 0.0.2 | 27.31 | 260.52 | 287.83 | OK | |
r-release-windows-ix86+x86_64 | 0.0.2 | 51.00 | 331.00 | 382.00 | OK | |
r-release-osx-x86_64 | 0.0.2 | ERROR | ||||
r-oldrel-windows-ix86+x86_64 | 0.0.2 | 51.00 | 315.00 | 366.00 | OK | |
r-oldrel-osx-x86_64 | 0.0.2 | NOTE |
Version: 0.0.2
Check: dependencies in R code
Result: NOTE
Namespaces in Imports field not imported from:
‘Matrix’ ‘shiny’
All declared Imports should be used.
Flavors: r-devel-linux-x86_64-fedora-clang, r-devel-linux-x86_64-fedora-gcc, r-patched-solaris-x86, r-oldrel-osx-x86_64
Version: 0.0.2
Check: package dependencies
Result: ERROR
Package required but not available: ‘ShortRead’
See section ‘The DESCRIPTION file’ in the ‘Writing R Extensions’
manual.
Flavor: r-release-osx-x86_64