CRAN Package Check Results for Package MiSPU

Last updated on 2018-11-24 00:51:14 CET.

Flavor Version Tinstall Tcheck Ttotal Status Flags
r-devel-linux-x86_64-debian-clang 1.0 30.89 82.63 113.52 OK
r-devel-linux-x86_64-debian-gcc 1.0 27.07 66.07 93.14 OK
r-devel-linux-x86_64-fedora-clang 1.0 145.30 NOTE
r-devel-linux-x86_64-fedora-gcc 1.0 141.86 NOTE
r-devel-windows-ix86+x86_64 1.0 68.00 171.00 239.00 OK
r-patched-linux-x86_64 1.0 32.85 80.05 112.90 OK
r-patched-solaris-x86 1.0 182.60 OK
r-release-linux-x86_64 1.0 32.20 79.53 111.73 OK
r-release-windows-ix86+x86_64 1.0 76.00 180.00 256.00 OK
r-release-osx-x86_64 1.0 OK
r-oldrel-windows-ix86+x86_64 1.0 74.00 177.00 251.00 OK
r-oldrel-osx-x86_64 1.0 OK

Check Details

Version: 1.0
Check: compiled code
Result: NOTE
    File ‘MiSPU/libs/MiSPU.so’:
     Found no calls to: ‘R_registerRoutines’, ‘R_useDynamicSymbols’
    
    It is good practice to register native routines and to disable symbol
    search.
    
    See ‘Writing portable packages’ in the ‘Writing R Extensions’ manual.
Flavors: r-devel-linux-x86_64-fedora-clang, r-devel-linux-x86_64-fedora-gcc