CRAN Package Check Results for Package NTsets

Last updated on 2018-11-24 00:51:16 CET.

Flavor Version Tinstall Tcheck Ttotal Status Flags
r-devel-linux-x86_64-debian-clang 1.0 6.94 74.61 81.55 OK
r-devel-linux-x86_64-debian-gcc 1.0 5.06 61.74 66.80 OK
r-devel-linux-x86_64-fedora-clang 1.0 93.85 OK
r-devel-linux-x86_64-fedora-gcc 1.0 93.48 OK
r-devel-windows-ix86+x86_64 1.0 14.00 109.00 123.00 OK
r-patched-linux-x86_64 1.0 6.52 72.95 79.47 OK
r-patched-solaris-x86 1.0 160.60 OK
r-release-linux-x86_64 1.0 6.26 72.72 78.98 OK
r-release-windows-ix86+x86_64 1.0 16.00 108.00 124.00 OK
r-release-osx-x86_64 1.0 ERROR
r-oldrel-windows-ix86+x86_64 1.0 16.00 122.00 138.00 OK
r-oldrel-osx-x86_64 1.0 ERROR

Check Details

Version: 1.0
Check: package dependencies
Result: ERROR
    Packages required but not available: ‘gWidgetsRGtk2’ ‘RGtk2Extras’ ‘RGtk2’
    
    See section ‘The DESCRIPTION file’ in the ‘Writing R Extensions’
    manual.
Flavors: r-release-osx-x86_64, r-oldrel-osx-x86_64