Last updated on 2018-11-24 00:51:18 CET.
Flavor | Version | Tinstall | Tcheck | Ttotal | Status | Flags |
---|---|---|---|---|---|---|
r-devel-linux-x86_64-debian-clang | 0.3.2 | 1.02 | 21.21 | 22.23 | NOTE | |
r-devel-linux-x86_64-debian-gcc | 0.3.2 | 0.78 | 17.29 | 18.07 | NOTE | |
r-devel-linux-x86_64-fedora-clang | 0.3.2 | 26.87 | NOTE | |||
r-devel-linux-x86_64-fedora-gcc | 0.3.2 | 26.28 | NOTE | |||
r-devel-windows-ix86+x86_64 | 0.3.2 | 5.00 | 45.00 | 50.00 | NOTE | |
r-patched-linux-x86_64 | 0.3.2 | 0.96 | 19.98 | 20.94 | NOTE | |
r-patched-solaris-x86 | 0.3.2 | 40.30 | NOTE | |||
r-release-linux-x86_64 | 0.3.2 | 0.72 | 20.15 | 20.87 | NOTE | |
r-release-windows-ix86+x86_64 | 0.3.2 | 3.00 | 46.00 | 49.00 | NOTE | |
r-release-osx-x86_64 | 0.3.2 | NOTE | ||||
r-oldrel-windows-ix86+x86_64 | 0.3.2 | 5.00 | 45.00 | 50.00 | NOTE | |
r-oldrel-osx-x86_64 | 0.3.2 | NOTE |
Version: 0.3.2
Check: R code for possible problems
Result: NOTE
PKmod: no visible global function definition for ‘deriv’
Undefined global functions or variables:
deriv
Consider adding
importFrom("stats", "deriv")
to your NAMESPACE file.
Flavors: r-devel-linux-x86_64-debian-clang, r-devel-linux-x86_64-debian-gcc, r-devel-linux-x86_64-fedora-clang, r-devel-linux-x86_64-fedora-gcc, r-devel-windows-ix86+x86_64, r-patched-linux-x86_64, r-patched-solaris-x86, r-release-linux-x86_64, r-release-windows-ix86+x86_64, r-release-osx-x86_64, r-oldrel-windows-ix86+x86_64, r-oldrel-osx-x86_64