Last updated on 2018-11-24 00:51:19 CET.
Flavor | Version | Tinstall | Tcheck | Ttotal | Status | Flags |
---|---|---|---|---|---|---|
r-devel-linux-x86_64-debian-clang | 1.3.0 | 19.45 | 74.03 | 93.48 | OK | |
r-devel-linux-x86_64-debian-gcc | 1.3.0 | 16.95 | 57.85 | 74.80 | OK | |
r-devel-linux-x86_64-fedora-clang | 1.3.0 | 112.94 | NOTE | |||
r-devel-linux-x86_64-fedora-gcc | 1.3.0 | 110.03 | NOTE | |||
r-devel-windows-ix86+x86_64 | 1.3.0 | 60.00 | 141.00 | 201.00 | OK | |
r-patched-linux-x86_64 | 1.3.0 | 16.44 | 71.46 | 87.90 | OK | |
r-patched-solaris-x86 | 1.3.0 | 204.70 | OK | |||
r-release-linux-x86_64 | 1.3.0 | 20.85 | 70.42 | 91.27 | OK | |
r-release-windows-ix86+x86_64 | 1.3.0 | 47.00 | 131.00 | 178.00 | OK | |
r-release-osx-x86_64 | 1.3.0 | OK | ||||
r-oldrel-windows-ix86+x86_64 | 1.3.0 | 43.00 | 140.00 | 183.00 | OK | |
r-oldrel-osx-x86_64 | 1.3.0 | OK |
Version: 1.3.0
Check: compiled code
Result: NOTE
File ‘PWEALL/libs/PWEALL.so’:
Found no calls to: ‘R_registerRoutines’, ‘R_useDynamicSymbols’
It is good practice to register native routines and to disable symbol
search.
See ‘Writing portable packages’ in the ‘Writing R Extensions’ manual.
Flavors: r-devel-linux-x86_64-fedora-clang, r-devel-linux-x86_64-fedora-gcc