Last updated on 2018-11-24 00:51:18 CET.
Flavor | Version | Tinstall | Tcheck | Ttotal | Status | Flags |
---|---|---|---|---|---|---|
r-devel-linux-x86_64-debian-clang | 0.3 | 8.13 | 108.37 | 116.50 | OK | |
r-devel-linux-x86_64-debian-gcc | 0.3 | 8.22 | 83.58 | 91.80 | OK | |
r-devel-linux-x86_64-fedora-clang | 0.3 | 160.10 | OK | |||
r-devel-linux-x86_64-fedora-gcc | 0.3 | 132.12 | OK | |||
r-devel-windows-ix86+x86_64 | 0.3 | 5.00 | 5.00 | 10.00 | ERROR | |
r-patched-linux-x86_64 | 0.3 | 8.43 | 102.25 | 110.68 | OK | |
r-patched-solaris-x86 | 0.3 | 246.20 | OK | |||
r-release-linux-x86_64 | 0.3 | 8.26 | 102.18 | 110.44 | OK | |
r-release-windows-ix86+x86_64 | 0.3 | 6.00 | 6.00 | 12.00 | ERROR | |
r-release-osx-x86_64 | 0.3 | OK | ||||
r-oldrel-windows-ix86+x86_64 | 0.3 | 26.00 | 158.00 | 184.00 | OK | |
r-oldrel-osx-x86_64 | 0.3 | OK |
Version: 0.3
Check: whether package can be installed
Result: ERROR
Installation failed.
Flavors: r-devel-windows-ix86+x86_64, r-release-windows-ix86+x86_64